{"id":2,"date":"2025-02-15T20:24:37","date_gmt":"2025-02-15T20:24:37","guid":{"rendered":"https:\/\/philosypsique.com\/inicio\/?page_id=2"},"modified":"2025-02-16T16:44:34","modified_gmt":"2025-02-16T16:44:34","slug":"nosotros","status":"publish","type":"page","link":"https:\/\/philosypsique.com\/inicio\/index.php\/nosotros\/","title":{"rendered":"Sobre nosotros"},"content":{"rendered":"\n<p><strong>\u00bfQu\u00e9 es <em>Philos y Psique<\/em>?<\/strong><\/p>\n\n\n\n<p>M\u00e1s que un podcast: es un espacio de reflexi\u00f3n y aprendizaje donde combinamos la psicoterapia, la psiquiatr\u00eda y la filosof\u00eda para abordar los desaf\u00edos de la vida moderna. Creemos que sentir, cuestionar, entender y dialogar son claves para el bienestar.<\/p>\n\n\n\n<p>Creemos que la filosof\u00eda ha sido, desde la antig\u00fcedad, una gu\u00eda para la vida. S\u00f3crates nos invitaba a cuestionarnos, Arist\u00f3teles hablaba de la felicidad como el fin \u00faltimo, y los estoicos ense\u00f1aban la importancia de aceptar lo que no podemos cambiar. Por otro lado, la psicolog\u00eda y la psiquiatr\u00eda han desarrollado herramientas fundamentales para entender la mente, regular las emociones y mejorar nuestra calidad de vida. Estos son los horizontes desde los que presentamos los temas que compartiremos en este podcast.<\/p>\n\n\n\n<h3 class=\"wp-block-heading\"><strong>\u00bfQui\u00e9nes somos?<\/strong><\/h3>\n\n\n\n<p>Adriana y \u00d3scar somos los anfitriones de este viaje. Con formaci\u00f3n en psicoterapia, psiquiatr\u00eda, psicoan\u00e1lisis y filosof\u00eda, construiremos conversaciones que nos permitan comprender mejor las emociones, pensamientos y decisiones.<\/p>\n\n\n\n<h4 class=\"wp-block-heading\">Adriana Rivas<\/h4>\n\n\n\n<p>Soy m\u00e9dico psiquiatra y psicoterapeuta sist\u00e9mica, apasionada por comprender la mente humana desde una perspectiva integral. Cuento con formaci\u00f3n en Programaci\u00f3n Neuroling\u00fc\u00edstica, Hipnosis Eriksoniana, Remediaci\u00f3n Cognitiva y Consultor\u00eda Filos\u00f3fica. Mi enfoque va m\u00e1s all\u00e1 de los diagn\u00f3sticos, busco explorar las ra\u00edces profundas del pensamiento y la emoci\u00f3n. En <em>Philos y Psique<\/em>, busco guiar la conversaci\u00f3n a trav\u00e9s de reflexiones que conectan la ciencia, la terapia y la filosof\u00eda, ofreciendo herramientas para transformar nuestra manera de vivir y comprendernos a nosotros mismos.<\/p>\n\n\n\n<h4 class=\"wp-block-heading\">\u00d3scar Valencia<\/h4>\n\n\n\n<p>Cuento con un doctorado en psicoan\u00e1lisis y soy psicoterapeuta con una amplia experiencia acompa\u00f1ando a adolescentes, adultos, parejas y familias en sus procesos de transformaci\u00f3n. Como neuropsic\u00f3logo y consultor filos\u00f3fico, trabajo desde la integraci\u00f3n del rigor de la ciencia con la profundidad del pensamiento cr\u00edtico. Adem\u00e1s, como docente en posgrados de psicoterapia y humanidades, comparto mi pasi\u00f3n por el conocimiento y el di\u00e1logo. En <em>Philos y Psique<\/em>, quiero aportar una mirada reflexiva, anal\u00edtica e integral que nos invite a cuestionar, comprender y reinventar nuestra forma de habitar el mundo.<\/p>\n\n\n\n<p><\/p>\n","protected":false},"excerpt":{"rendered":"<p>\u00bfQu\u00e9 es Philos y Psique? M\u00e1s que un podcast: es un espacio de reflexi\u00f3n y aprendizaje donde combinamos la psicoterapia, la psiquiatr\u00eda y la filosof\u00eda para abordar los desaf\u00edos de la vida moderna. Creemos que sentir, cuestionar, entender y dialogar son claves para el bienestar. Creemos que la filosof\u00eda ha sido, desde la antig\u00fcedad, una&#8230;<\/p>\n","protected":false},"author":1,"featured_media":59,"parent":0,"menu_order":0,"comment_status":"closed","ping_status":"closed","template":"","meta":{"footnotes":""},"class_list":["post-2","page","type-page","status-publish","has-post-thumbnail","hentry"],"yoast_head":"<!-- This site is optimized with the Yoast SEO plugin v27.4 - https:\/\/yoast.com\/product\/yoast-seo-wordpress\/ -->\n<title>Sobre nosotros - Philosypsique<\/title>\n<meta name=\"robots\" content=\"index, follow, max-snippet:-1, max-image-preview:large, max-video-preview:-1\" \/>\n<link rel=\"canonical\" href=\"https:\/\/philosypsique.com\/inicio\/index.php\/nosotros\/\" \/>\n<meta property=\"og:locale\" content=\"es_ES\" \/>\n<meta property=\"og:type\" content=\"article\" \/>\n<meta property=\"og:title\" content=\"Sobre nosotros - Philosypsique\" \/>\n<meta property=\"og:description\" content=\"\u00bfQu\u00e9 es Philos y Psique? M\u00e1s que un podcast: es un espacio de reflexi\u00f3n y aprendizaje donde combinamos la psicoterapia, la psiquiatr\u00eda y la filosof\u00eda para abordar los desaf\u00edos de la vida moderna. Creemos que sentir, cuestionar, entender y dialogar son claves para el bienestar. Creemos que la filosof\u00eda ha sido, desde la antig\u00fcedad, una...\" \/>\n<meta property=\"og:url\" content=\"https:\/\/philosypsique.com\/inicio\/index.php\/nosotros\/\" \/>\n<meta property=\"og:site_name\" content=\"Philosypsique\" \/>\n<meta property=\"article:modified_time\" content=\"2025-02-16T16:44:34+00:00\" \/>\n<meta property=\"og:image\" content=\"https:\/\/philosypsique.com\/inicio\/wp-content\/uploads\/2025\/02\/portada-de-nosotros.webp\" \/>\n\t<meta property=\"og:image:width\" content=\"1792\" \/>\n\t<meta property=\"og:image:height\" content=\"1024\" \/>\n\t<meta property=\"og:image:type\" content=\"image\/webp\" \/>\n<meta name=\"twitter:card\" content=\"summary_large_image\" \/>\n<meta name=\"twitter:label1\" content=\"Tiempo de lectura\" \/>\n\t<meta name=\"twitter:data1\" content=\"2 minutos\" \/>\n<script type=\"application\/ld+json\" class=\"yoast-schema-graph\">{\"@context\":\"https:\\\/\\\/schema.org\",\"@graph\":[{\"@type\":\"WebPage\",\"@id\":\"https:\\\/\\\/philosypsique.com\\\/inicio\\\/index.php\\\/nosotros\\\/\",\"url\":\"https:\\\/\\\/philosypsique.com\\\/inicio\\\/index.php\\\/nosotros\\\/\",\"name\":\"Sobre nosotros - Philosypsique\",\"isPartOf\":{\"@id\":\"https:\\\/\\\/philosypsique.com\\\/inicio\\\/#website\"},\"primaryImageOfPage\":{\"@id\":\"https:\\\/\\\/philosypsique.com\\\/inicio\\\/index.php\\\/nosotros\\\/#primaryimage\"},\"image\":{\"@id\":\"https:\\\/\\\/philosypsique.com\\\/inicio\\\/index.php\\\/nosotros\\\/#primaryimage\"},\"thumbnailUrl\":\"https:\\\/\\\/philosypsique.com\\\/inicio\\\/wp-content\\\/uploads\\\/2025\\\/02\\\/portada-de-nosotros.webp\",\"datePublished\":\"2025-02-15T20:24:37+00:00\",\"dateModified\":\"2025-02-16T16:44:34+00:00\",\"breadcrumb\":{\"@id\":\"https:\\\/\\\/philosypsique.com\\\/inicio\\\/index.php\\\/nosotros\\\/#breadcrumb\"},\"inLanguage\":\"es\",\"potentialAction\":[{\"@type\":\"ReadAction\",\"target\":[\"https:\\\/\\\/philosypsique.com\\\/inicio\\\/index.php\\\/nosotros\\\/\"]}]},{\"@type\":\"ImageObject\",\"inLanguage\":\"es\",\"@id\":\"https:\\\/\\\/philosypsique.com\\\/inicio\\\/index.php\\\/nosotros\\\/#primaryimage\",\"url\":\"https:\\\/\\\/philosypsique.com\\\/inicio\\\/wp-content\\\/uploads\\\/2025\\\/02\\\/portada-de-nosotros.webp\",\"contentUrl\":\"https:\\\/\\\/philosypsique.com\\\/inicio\\\/wp-content\\\/uploads\\\/2025\\\/02\\\/portada-de-nosotros.webp\",\"width\":1792,\"height\":1024},{\"@type\":\"BreadcrumbList\",\"@id\":\"https:\\\/\\\/philosypsique.com\\\/inicio\\\/index.php\\\/nosotros\\\/#breadcrumb\",\"itemListElement\":[{\"@type\":\"ListItem\",\"position\":1,\"name\":\"Portada\",\"item\":\"https:\\\/\\\/philosypsique.com\\\/inicio\\\/\"},{\"@type\":\"ListItem\",\"position\":2,\"name\":\"Sobre nosotros\"}]},{\"@type\":\"WebSite\",\"@id\":\"https:\\\/\\\/philosypsique.com\\\/inicio\\\/#website\",\"url\":\"https:\\\/\\\/philosypsique.com\\\/inicio\\\/\",\"name\":\"Philosypsique\",\"description\":\"Espacio para sentir, pensar y cuestionar.\",\"publisher\":{\"@id\":\"https:\\\/\\\/philosypsique.com\\\/inicio\\\/#organization\"},\"potentialAction\":[{\"@type\":\"SearchAction\",\"target\":{\"@type\":\"EntryPoint\",\"urlTemplate\":\"https:\\\/\\\/philosypsique.com\\\/inicio\\\/?s={search_term_string}\"},\"query-input\":{\"@type\":\"PropertyValueSpecification\",\"valueRequired\":true,\"valueName\":\"search_term_string\"}}],\"inLanguage\":\"es\"},{\"@type\":\"Organization\",\"@id\":\"https:\\\/\\\/philosypsique.com\\\/inicio\\\/#organization\",\"name\":\"Philosypsique\",\"url\":\"https:\\\/\\\/philosypsique.com\\\/inicio\\\/\",\"logo\":{\"@type\":\"ImageObject\",\"inLanguage\":\"es\",\"@id\":\"https:\\\/\\\/philosypsique.com\\\/inicio\\\/#\\\/schema\\\/logo\\\/image\\\/\",\"url\":\"https:\\\/\\\/philosypsique.com\\\/inicio\\\/wp-content\\\/uploads\\\/2025\\\/02\\\/Logo-philo_psique-e1739665008571.jpg\",\"contentUrl\":\"https:\\\/\\\/philosypsique.com\\\/inicio\\\/wp-content\\\/uploads\\\/2025\\\/02\\\/Logo-philo_psique-e1739665008571.jpg\",\"width\":200,\"height\":232,\"caption\":\"Philosypsique\"},\"image\":{\"@id\":\"https:\\\/\\\/philosypsique.com\\\/inicio\\\/#\\\/schema\\\/logo\\\/image\\\/\"}}]}<\/script>\n<!-- \/ Yoast SEO plugin. -->","yoast_head_json":{"title":"Sobre nosotros - Philosypsique","robots":{"index":"index","follow":"follow","max-snippet":"max-snippet:-1","max-image-preview":"max-image-preview:large","max-video-preview":"max-video-preview:-1"},"canonical":"https:\/\/philosypsique.com\/inicio\/index.php\/nosotros\/","og_locale":"es_ES","og_type":"article","og_title":"Sobre nosotros - Philosypsique","og_description":"\u00bfQu\u00e9 es Philos y Psique? M\u00e1s que un podcast: es un espacio de reflexi\u00f3n y aprendizaje donde combinamos la psicoterapia, la psiquiatr\u00eda y la filosof\u00eda para abordar los desaf\u00edos de la vida moderna. Creemos que sentir, cuestionar, entender y dialogar son claves para el bienestar. Creemos que la filosof\u00eda ha sido, desde la antig\u00fcedad, una...","og_url":"https:\/\/philosypsique.com\/inicio\/index.php\/nosotros\/","og_site_name":"Philosypsique","article_modified_time":"2025-02-16T16:44:34+00:00","og_image":[{"width":1792,"height":1024,"url":"https:\/\/philosypsique.com\/inicio\/wp-content\/uploads\/2025\/02\/portada-de-nosotros.webp","type":"image\/webp"}],"twitter_card":"summary_large_image","twitter_misc":{"Tiempo de lectura":"2 minutos"},"schema":{"@context":"https:\/\/schema.org","@graph":[{"@type":"WebPage","@id":"https:\/\/philosypsique.com\/inicio\/index.php\/nosotros\/","url":"https:\/\/philosypsique.com\/inicio\/index.php\/nosotros\/","name":"Sobre nosotros - Philosypsique","isPartOf":{"@id":"https:\/\/philosypsique.com\/inicio\/#website"},"primaryImageOfPage":{"@id":"https:\/\/philosypsique.com\/inicio\/index.php\/nosotros\/#primaryimage"},"image":{"@id":"https:\/\/philosypsique.com\/inicio\/index.php\/nosotros\/#primaryimage"},"thumbnailUrl":"https:\/\/philosypsique.com\/inicio\/wp-content\/uploads\/2025\/02\/portada-de-nosotros.webp","datePublished":"2025-02-15T20:24:37+00:00","dateModified":"2025-02-16T16:44:34+00:00","breadcrumb":{"@id":"https:\/\/philosypsique.com\/inicio\/index.php\/nosotros\/#breadcrumb"},"inLanguage":"es","potentialAction":[{"@type":"ReadAction","target":["https:\/\/philosypsique.com\/inicio\/index.php\/nosotros\/"]}]},{"@type":"ImageObject","inLanguage":"es","@id":"https:\/\/philosypsique.com\/inicio\/index.php\/nosotros\/#primaryimage","url":"https:\/\/philosypsique.com\/inicio\/wp-content\/uploads\/2025\/02\/portada-de-nosotros.webp","contentUrl":"https:\/\/philosypsique.com\/inicio\/wp-content\/uploads\/2025\/02\/portada-de-nosotros.webp","width":1792,"height":1024},{"@type":"BreadcrumbList","@id":"https:\/\/philosypsique.com\/inicio\/index.php\/nosotros\/#breadcrumb","itemListElement":[{"@type":"ListItem","position":1,"name":"Portada","item":"https:\/\/philosypsique.com\/inicio\/"},{"@type":"ListItem","position":2,"name":"Sobre nosotros"}]},{"@type":"WebSite","@id":"https:\/\/philosypsique.com\/inicio\/#website","url":"https:\/\/philosypsique.com\/inicio\/","name":"Philosypsique","description":"Espacio para sentir, pensar y cuestionar.","publisher":{"@id":"https:\/\/philosypsique.com\/inicio\/#organization"},"potentialAction":[{"@type":"SearchAction","target":{"@type":"EntryPoint","urlTemplate":"https:\/\/philosypsique.com\/inicio\/?s={search_term_string}"},"query-input":{"@type":"PropertyValueSpecification","valueRequired":true,"valueName":"search_term_string"}}],"inLanguage":"es"},{"@type":"Organization","@id":"https:\/\/philosypsique.com\/inicio\/#organization","name":"Philosypsique","url":"https:\/\/philosypsique.com\/inicio\/","logo":{"@type":"ImageObject","inLanguage":"es","@id":"https:\/\/philosypsique.com\/inicio\/#\/schema\/logo\/image\/","url":"https:\/\/philosypsique.com\/inicio\/wp-content\/uploads\/2025\/02\/Logo-philo_psique-e1739665008571.jpg","contentUrl":"https:\/\/philosypsique.com\/inicio\/wp-content\/uploads\/2025\/02\/Logo-philo_psique-e1739665008571.jpg","width":200,"height":232,"caption":"Philosypsique"},"image":{"@id":"https:\/\/philosypsique.com\/inicio\/#\/schema\/logo\/image\/"}}]}},"_links":{"self":[{"href":"https:\/\/philosypsique.com\/inicio\/index.php\/wp-json\/wp\/v2\/pages\/2","targetHints":{"allow":["GET"]}}],"collection":[{"href":"https:\/\/philosypsique.com\/inicio\/index.php\/wp-json\/wp\/v2\/pages"}],"about":[{"href":"https:\/\/philosypsique.com\/inicio\/index.php\/wp-json\/wp\/v2\/types\/page"}],"author":[{"embeddable":true,"href":"https:\/\/philosypsique.com\/inicio\/index.php\/wp-json\/wp\/v2\/users\/1"}],"replies":[{"embeddable":true,"href":"https:\/\/philosypsique.com\/inicio\/index.php\/wp-json\/wp\/v2\/comments?post=2"}],"version-history":[{"count":2,"href":"https:\/\/philosypsique.com\/inicio\/index.php\/wp-json\/wp\/v2\/pages\/2\/revisions"}],"predecessor-version":[{"id":77,"href":"https:\/\/philosypsique.com\/inicio\/index.php\/wp-json\/wp\/v2\/pages\/2\/revisions\/77"}],"wp:featuredmedia":[{"embeddable":true,"href":"https:\/\/philosypsique.com\/inicio\/index.php\/wp-json\/wp\/v2\/media\/59"}],"wp:attachment":[{"href":"https:\/\/philosypsique.com\/inicio\/index.php\/wp-json\/wp\/v2\/media?parent=2"}],"curies":[{"name":"wp","href":"https:\/\/api.w.org\/{rel}","templated":true}]}}